e 3*f = 4*v - 11, 0 = 3*v - 0*f + 5*f - 1. Suppose -v*p + z = -p. What are the prime factors of p?
43
Let p(t) = 36*t**2 + 15*t + 88. Let v be p(-6). Suppose 1573 = 2*f - m - v, -m - 4301 = -3*f. What are the prime factors of f?
2, 3, 239
Suppose 4*p + p + 1348 = -2*g, -2*g - 1360 = 2*p. Let o = -80 - g. Suppose 0 = -4*l - 3*y + o, 0*y - y - 312 = -2*l. List the prime factors of l.
2, 7, 11
Let s = 49840 + -26119. What are the prime factors of s?
3, 7907
Suppose -5*t + 79 + 186 = 0. Suppose t*x = 57*x - 20. Let w(v) = 5*v**2 - 4*v - 4. What are the prime factors of w(x)?
101
Let x(k) = 32 + 55*k + 34 + 134 + 3 + 58. List the prime factors of x(18).
3, 139
Let v(p) = -209*p**3 + 3*p**2 + 27*p - 8. List the prime factors of v(-6).
2, 22541
Suppose 3*m - 12*m + 259038 = 9*m. List the prime factors of m.
3, 13, 41
Let h = -228 - -1923. List the prime factors of h.
3, 5, 113
Let l be 1*3/(-6) - 21/(-2). Let j be -12*(-4 - l/(-3)). Suppose -4*h - 4*m + 379 = -h, 2*m = j. List the prime factors of h.
11
Let x = 119417 - 46158. What are the prime factors of x?
73259
Let v(n) = 2*n**3 + 5*n**2 + 36*n + 96. List the prime factors of v(16).
2, 317
Suppose 0 = 3*y + 5*h - 33084, 6972 = y + 4*h - 4063. List the prime factors of y.
73, 151
Let n be (-14)/35*10*1. Let j be 80/64 - (-17)/n. What are the prime factors of (-18)/54 - 106/j?
5, 7
Suppose -5*o + 158 = 128. Let g(w) = w**3 - 4*w + 15. Let a be g(o). List the prime factors of a - (3 - 5 - -1).
2, 13
Suppose 7*h - 5440 - 3863 = -0*h. List the prime factors of h.
3, 443
Let c = -4168 + 11358. List the prime factors of c.
2, 5, 719
Suppose -593986 - 273231 = -86*u - 151439. List the prime factors of u.
7, 29, 41
Let z = 61 + -40. Let t(f) = f**2 - 21*f + 16. Let a be t(z). Suppose -20*x = -a*x - 212. What are the prime factors of x?
53
Let r(y) = 5933*y**2 + 4*y - 1. What are the prime factors of r(1)?
2, 7, 53
Let u = 6249 - 1016. Suppose 0 = 13*n - u - 929. List the prime factors of n.
2, 3, 79
Let m = 7 - 8. Let p be (0/m - 1)/((-17)/(-51)). What are the prime factors of 33/(p/4 + (-14)/(-8))?
3, 11
Let o(i) = 951*i + 12. Let a be o(2). List the prime factors of (-7 + a/42)*7.
2, 3, 5
Let y be ((-8097796)/822)/((-1)/3*1). Suppose 37*k - y = 26353. What are the prime factors of k?
1511
Let a(j) = 4*j**2 + 18*j + 23. Let s be a(-16). Suppose 0 = -10*u - 2599 + s. Let w = -71 - u. List the prime factors of w.
113
Let y be 6 - 29*(-7 - 190). Suppose -9*d = -16*d + y. What are the prime factors of d?
19, 43
Let t(r) = 285*r - 22. Let v be t(-3). Let z = 1367 + v. List the prime factors of z.
2, 5, 7
Let b = 127 + 84. Suppose b = -10*a + 11*a. Suppose a + 81 = 4*o. List the prime factors of o.
73
Let c(x) = x**2 - 7*x + 2. Let z be c(4). List the prime factors of 1176/z*(0 - (-60)/(-18)).
2, 7
Let h(u) be the first derivative of -5*u**2/2 - 11*u - 1. Let b = 307 + -323. List the prime factors of h(b).
3, 23
Let b(x) = -332*x + 264. Let f be b(-15). What are the prime factors of (1/3*-94)/((-184)/f)?
19, 47
Suppose -22*b + 21*b = -9. Let c(j) = 47*j - 116. List the prime factors of c(b).
307
Suppose 81110 = 5*d + 5*p, 19037 = 2*d + p - 13401. List the prime factors of d.
2, 2027
Let w(h) = -20 + 16*h - 102*h - 3*h**2 - 5*h. What are the prime factors of w(-29)?
2, 3
Let y(r) = -263*r - 194. Suppose -1 = h - t, -29*h + 25*h - 3*t = 25. List the prime factors of y(h).
2, 3, 11, 13
What are the prime factors of (45/6)/(6/(-8)) - -5408?
2, 2699
Let n = -5300 + 5306. Let h(p) be the second derivative of 5*p**3/2 + 9*p**2/2 - p. List the prime factors of h(n).
3, 11
Suppose 11*y - 110874 = 135332 + 99810. List the prime factors of y.
2, 983
Suppose 0 = 4*q - 2 - 6, -2*y + 10 = -q. Suppose -y + 6 = 5*t. What are the prime factors of t - (-5)/15 - 982/(-6)?
2, 41
Let k(h) = 2*h**3 - 6*h**2 + h - 6. Suppose 19 = -2*c + 9. Let m be ((-24)/5)/(-8) - 22/c. List the prime factors of k(m).
3, 11
Suppose -5*j + 2*j - 27 = 0. Let h be 3 + j/(-6) + (-677)/(-2). Let s = h - 174. List the prime factors of s.
13
Suppose -26*r = -17*r + 180. Let c(h) = 2*h + 39. Let m be c(r). What are the prime factors of (6/(-4) - m)/(4/(-2368))?
2, 37
Suppose 0 = 3*q - 2*n - 3281 - 29717, 4*n = -3*q + 32986. List the prime factors of q.
2, 3, 13, 47
Let m(n) = 9*n - 23 + 16 - 20. Let t be m(15). Suppose -t - 47 = -q. What are the prime factors of q?
5, 31
Suppose -156*y = -247*y + 2695147. List the prime factors of y.
7, 4231
Let k(l) = 14*l**2 - 6*l**2 - 20*l - 14*l + 0 + 12. What are the prime factors of k(11)?
2, 3, 101
Let u(x) = 431*x**2 - 10*x + 5. Let j(n) = 430*n**2 - 9*n + 4. Let r(s) = 7*j(s) - 6*u(s). What are the prime factors of r(-1)?
5, 17
Let p be (3 + 16/(-6))*18*-1. Let x(q) = -6*q - 39. Let o be x(p). What are the prime factors of (-6)/((-6)/o) - -73?
2, 5, 7
Suppose 3*z - 697 = 3*a - 1870, -5*z - 1181 = -3*a. Let r = a + 605. What are the prime factors of r?
2, 31
Let z = -6579 + 12360. What are the prime factors of z?
3, 41, 47
Suppose -3*u = -0*u + 5*d + 1, -3*u = 3*d - 3. Suppose u*z = -70 + 793. Suppose -11*s + z = -782. List the prime factors of s.
3, 31
Suppose 3*v - 8*v + 23 = -2*q, -3*v + q = -13. Suppose 737 = 3*a + 3*p - 553, -v*a + 5*p = -1282. Suppose 6*h - 519 = a. List the prime factors of h.
2, 79
Let k be 70/(-22) - 10/(-55) - 161. Let v = k + 79. What are the prime factors of (4 + v/(-4))*(-4)/(-1)?
101
List the prime factors of 12/1 + 188292/102 + (-1 - 0).
3, 619
Let n(g) = 912*g + 3582. What are the prime factors of n(17)?
2, 3, 3181
Suppose 23*i = 25*i - 7436. Suppose -2*j + i - 1006 = 5*n, j - 1356 = -n. What are the prime factors of j?
2, 3, 113
Let x = 70335 - -10439. List the prime factors of x.
2, 40387
List the prime factors of -1 + -2 - (319609/(-9) + 2/18).
35509
Let j(h) = -h**3 - 2*h**2 - 9*h - 12. Let w be 1 - 7 - (1 - -1). List the prime factors of j(w).
2, 3, 37
Let r(w) = -w**2 - 4*w - 1. Let u be r(-3). Suppose -5*i - 22 = u*q - 64, -2*q = -2*i + 14. Suppose i*f - 336 = 4*f. What are the prime factors of f?
2, 3, 7
Let v = 1776 + -715. Let q = -334 + v. What are the prime factors of q?
727
Suppose -26526 - 4534 = -20*i. Suppose -10*d = -937 - i. List the prime factors of d.
3, 83
Suppose -4*k - 5*v + 105905 = 0, 0 = 5*k - 82*v + 81*v - 132432. List the prime factors of k.
5, 5297
Suppose -5*f - 5 = -a + 1, 4*a - f - 5 = 0. Let w be 4 - a - -2*2. Suppose 50 = w*u - 13. List the prime factors of u.
3
Let q(z) = 6*z**2 - 8*z + 15. Let b be q(3). Suppose -52*n + 63 = -b*n. List the prime factors of n.
3
Suppose -806310 = -8*g - 28*g + 5*g. What are the prime factors of g?
2, 3, 5, 17
Let d be -3 - (-13 + 2) - (26 + -22). Let x(b) = 2*b + 3*b - 2*b + 0*b. List the prime factors of x(d).
2, 3
Let d be 2/(1 + -2) - -21. Suppose -18*u = -13*u - 10, 0 = 5*r + u - 57. Let p = r + d. List the prime factors of p.
2, 3, 5
Let b(s) = 10*s**2 - 90*s + 1387. List the prime factors of b(20).
17, 211
Let d = -397 + 337. List the prime factors of (16 - d)/((-3)/(-12)).
2, 19
Suppose -5*v = 26 - 716. Suppose -11*f + 10412 = v. List the prime factors of f.
2, 467
Suppose -2*a = -4*n - 20, -a - 2*n = n + 15. Suppose 0 = -a*i - 2*i + 14. Suppose -6*m - 16 = -i*m. What are the prime factors of m?
2
Suppose 3*v + 8 = -i - 3, -2*v = 4*i - 6. Let n be ((-2)/i - -1)*216/9. Let g(q) = q**2 - 4*q - 26. What are the prime factors of g(n)?
2, 5, 7
Let z(q) = 33*q**2 + 4*q + 23. Let d be z(-3). Suppose -6*o = -3*o + 4*a - d, -4*a + 8 = 0. List the prime factors of o.
2, 5
Let n = -71 - -81. Let r be 1/(-5) - (0 + (-402)/n). Suppose -j - l + r = 0, -j - 150 = -6*j + 5*l. What are the prime factors of j?
5, 7
Let t(o) = 46*o**3 + 8*o**2 - 99*o - 4. What are the prime factors of t(7)?
15473
Let z = -4240 + 10681. What are the prime factors of z?
3, 19, 113
Let q = 550 + -771. Let v = 299 + q. List the prime factors of v.
2, 3, 13
Let q(c) = -c**3 + 5*c**2 - 7. Let d be q(4). Suppose d*t + 3473 = 32*t. List the prime factors of t.
151
Let u(g) = 63*g**3 - 19*g**2 + 86*g - 19. List the prime factors of u(7).
3, 19, 373
Suppose -533031 + 146466 = -31*p + 464571. List the prime factors of p.
2, 3, 11, 13
Let s = -768 - -65. Let r = 1038 + s. What are the prime factors of r?
5, 67
Let g(t) be the first derivative of 13*t